(i) = -q(i) - 2*z(i). Calculate w(-9).
-38
Let k(p) = 287*p + 9 - 862*p + 286*p + 287*p. Calculate k(9).
-9
Let g(c) = -5*c + 4. Let p(r) = -11*r + 10 + r - 6*r. Let v(y) = 5*y - 3. Let j(h) = -4*p(h) - 11*v(h). Let w(m) = 11*g(m) + 6*j(m). Calculate w(1).
1
Let u = -68 + 71. Let h(j) = 7 + j**3 + 9 - 10 + 8*j - 7*j**2 - 2*j**u. What is h(-8)?
6
Let q(m) = -m**2 - 1. Let h(x) = 3*x**2 - 6*x - 1. Let b be (1 - 2)*1*1. Let i(t) = b*h(t) - 4*q(t). Give i(-5).
0
Suppose -17 = 2*y + 3*g, 22 = 3*y - 6*g + g. Let m(h) = 35*h**3 + 3*h**2 - 11*h + 5. Let n(a) = -a**2 + 2*a - 1. Let b(s) = -m(s) - 5*n(s). Calculate b(y).
36
Let j(v) be the second derivative of 5*v**3/2 + 24*v**2 - 527*v. Calculate j(-3).
3
Let z(i) = -2*i - 2. Let t(q) = -q**2 + 3*q + 3. Let x(y) = 3*t(y) + 4*z(y). Suppose -5*r - 31 = -3*n, -21*n = -19*n - 5*r - 29. Calculate x(n).
-9
Let p(g) be the third derivative of -g**5/120 + 5*g**4/24 - 58*g**3/3 - 2*g**2 + 51. Let z(o) be the first derivative of p(o). Calculate z(3).
2
Suppose 0 = 4*i + 2*y - 10 - 0, -20 = -4*y. Let r(o) = -o**2 - o - 35. Give r(i).
-35
Let d(n) = n**3 - 17*n**2 + 32*n - 254. Let i be d(16). Let m(t) be the second derivative of 22*t - 1/12*t**4 + 0 + 0*t**3 - 2*t**i + 1/20*t**5. What is m(0)?
-4
Let k(q) = -15*q + 48. Let o(w) = -30*w + 97. Let t(h) = -5*k(h) + 2*o(h). Let f be t(3). Let l(g) = -3*g**2 - 1. Determine l(f).
-4
Let f(z) be the second derivative of z**5/20 + z**4/3 + z**3/6 + z**2/2 - z. Suppose 1175 + 700 = 5*i. Suppose -12 = 378*y - i*y. Calculate f(y).
-3
Let j(t) = -18*t**3 - 9*t**2. Let w(u) = 21*u**3 + 8*u**2 - u. Let r(v) = 6*j(v) + 5*w(v). What is r(-4)?
-12
Let i(j) be the second derivative of j**3/6 - 7*j**2/2 - 3*j. Suppose 0 = -7*l - 306 + 355. Determine i(l).
0
Let t(c) = 3*c**2 - 22*c + 22. Let i(y) = 8*y**2 - 62*y + 67. Let k(n) = 4*i(n) - 11*t(n). What is k(0)?
26
Let u(l) be the second derivative of 3*l**5/20 + l**4/6 - l**2/2 + 159*l. Suppose -2*a - 11 + 19 = 2*p, 0 = -4*a + 3*p - 5. Give u(a).
4
Let o(q) = -2*q**3 - 13*q**2 - 51*q - 8. Let u(l) = 3*l**3 + 20*l**2 + 80*l + 13. Let t(g) = -8*o(g) - 5*u(g). What is t(-2)?
-9
Let b(v) = v**3 - 8*v**2 + 2*v - 10. Let p be (12/18*-6)/(-1). Suppose p*m - 52 = 4*s, 2*s - 4 = -14. What is b(m)?
6
Let p be (-10 - -1) + (-2604)/(-248). Let a(c) be the first derivative of 4*c + p*c**2 - 8. Determine a(-4).
-8
Let k(a) be the third derivative of 0*a - 1/24*a**4 - 2*a**2 + 0 + 1/2*a**3. Let w(q) = -185*q + 1298. Let v be w(7). Determine k(v).
0
Let v(x) be the third derivative of 5*x**4/8 - 61*x**2. Suppose -11 = 3*s + 2*z, -4*s = -2*z + 7*z + 24. What is v(s)?
-15
Let l = -93 - -88. Let y(a) = 0 - 1 + 15*a**2 + 7 + a**3 - 8*a**2 + 12*a. Let r be y(l). Let g(m) = -m - 3. Calculate g(r).
1
Let n(q) = -6*q. Let d be 59/2 + (-81)/(-54). Suppose -d*o = -27*o - 16. Suppose j + 4 = 0, o*j = -5*a - 0*j - 11. What is n(a)?
-6
Let d be (-615)/(-1025) - 36/10. Let o(x) be the first derivative of 2*x**3/3 + 3*x**2/2 - 4*x + 1. Give o(d).
5
Let q(f) = -54*f - 1830. Let m be q(-34). Let n(l) = -2*l + 28. Calculate n(m).
16
Let n = 61 - 45. Let d(c) = c - 1 + 18*c**2 + 0*c - n*c**2. Calculate d(2).
9
Let l(q) = -q**3 + 2*q - 1. Let b be l(-2). Let x(m) = 12 - 5 - 22 - m + 13. Determine x(b).
-5
Let m(f) = 10382*f**2 - 10386*f**2 - 2 - 3*f**3 + 2*f**3. Suppose -5*k - 10 = 2*c + 3*c, k - 4 = -4*c. What is m(k)?
-2
Let r be (42/(-27))/(-1)*(-11 + 20). Let j(d) = d**2 - 20*d + 94. Determine j(r).
10
Let l(y) = 9*y + 15. Let j(r) = r**3 - 4*r**2 + 45*r - 128. Let w be j(3). What is l(w)?
-3
Let b(l) = l + 16. Suppose -354*k = -356*k - 2. Let a be (6 + -5 + k)*-1. Determine b(a).
16
Let y(x) be the third derivative of -x**6/360 + x**5/24 - 5*x**4/8 - 17*x**2. Let n(o) be the second derivative of y(o). Give n(4).
-3
Let z(b) = -b**2 - 751 + 372 - 5*b + 382. Let y(j) = j**2 - 10*j - 45. Let r be y(13). Calculate z(r).
-3
Let s(c) = -c**3 - 7*c**2 - 4*c - 8. Let f be s(-6). Let n(b) = -20*b**2 + 21213*b + 2*b**3 + b**3 - 21212*b + 13 - 4*b**3. What is n(f)?
-7
Suppose k - 3*s + 21 = 0, -27*s - 19 = k - 29*s. Let d(u) = -u**2 - 11*u + 63. Give d(k).
3
Let h(b) = -9*b + 104. Let m(x) = 2*x + 3. Let s(w) = h(w) - 4*m(w). Determine s(6).
-10
Let l(t) be the second derivative of -t**5/60 + 3*t**4/8 - 5*t**3/6 + 61*t**2 - t. Let d(w) be the first derivative of l(w). Give d(6).
13
Let y(h) = h**3 - 5*h**2 - h + 5. Let l = -130 + 122. Let v(g) = g + 26. Let i be v(l). Let s be (-5)/(-10)*i + -4. Give y(s).
0
Let f(o) be the second derivative of o**4/3 + 5*o**3/6 - 4*o**2 + 31*o + 3. Let a(d) = d**2 + d - 1. Let b(c) = -3*a(c) + f(c). Give b(-6).
19
Suppose -87 = -55*k - 362. Let u(r) be the third derivative of -r**4/8 + r**3/6 + 3*r**2. Determine u(k).
16
Let g(z) = 74*z + 7. Let w(i) = -74*i - 9. Let d(j) = 5*g(j) + 4*w(j). Determine d(-1).
-75
Suppose 9*d = -d + 90. Let t(p) = -4*p**2 - 2*p**2 + 550*p**3 - 3*p - 551*p**3 - d. What is t(-6)?
9
Let p(a) = -a**3 - 2*a**2 - 6*a + 2. Let b(s) = -5*s**3 - 24*s**2 - 70*s + 30. Let r(g) = b(g) - 4*p(g). What is r(-12)?
-2
Let v(q) = q**3 + 2*q**2 + 2*q + 12. Let t be v(-3). Let a(b) = 4*b + 15. Let l(d) = 2. Let w(c) = t*l(c) + a(c). What is w(-3)?
-3
Let y(b) = -2*b**3 + 3*b**3 - b + 4841 - 4845. Let w(p) = p**3 - 3*p**2 + 2*p. Let h be w(2). Give y(h).
-4
Let i(j) = 33*j + 2787. Let q be i(-84). Let o(p) = 4*p**2 - 61*p + 12. Give o(q).
-3
Let r(w) = 29*w + 145. Let o be r(-4). Suppose -10 = -2*m - 4*a, -10*m + 9*m + o = -4*a. Let y(b) = -b**2 + 15*b - 4. Calculate y(m).
22
Suppose 10 = 71*d - 66*d. Let g(a) = 4 + a**2 - 2*a - d - 7. Give g(6).
19
Let j(z) = -z**3 + 4*z**2 - 2*z - 2. Let l be ((-243)/(-18))/(2/4). Let x = l - 24. Suppose 0 = 4*s + x - 19. Give j(s).
-10
Let n(l) = 27*l + 115. Let i(v) = 52*v + 196. Let t(q) = -3*i(q) + 5*n(q). Give t(1).
-34
Let x(h) = -4*h - 1 + h**3 + 4 + 6*h**2 + 10*h. Suppose -5*c - 7 = 2*s - 6*c, -2*s - 16 = -4*c. Let d be (-1734)/306 + s/9*-3. Calculate x(d).
-2
Let m(v) be the third derivative of 1/12*v**4 - 1/60*v**5 + 2*v**2 - 1/2*v**3 + 0*v + 0. Let k(o) = 9*o**2 + 54*o + 2. Let j be k(-6). What is m(j)?
-3
Suppose 6594*u = 6620*u + 156. Let o(i) = -4*i - 15. Calculate o(u).
9
Suppose -103*h - 67 = 36. Let r(v) = -2*v**2 - 4*v - 1. Calculate r(h).
1
Let v(b) = b**2 - 10*b - 4. Suppose -53*l = -48*l - 10. Let t(i) = -5*i**2 + 40*i + 15. Let y(p) = l*t(p) + 9*v(p). Let c = 35 + -45. Give y(c).
-6
Let n(h) be the first derivative of -h**3/3 + 3*h**2 - 8*h + 4166. Give n(7).
-15
Let r(o) = 2*o**3 - 15*o**2 - 77*o - 12. Let l be r(11). Let a(b) = 3*b + 34. Determine a(l).
-2
Let b(z) be the second derivative of z**3/2 - 3*z**2/2 + z. Let j(y) = -y**3 - 36*y**2 + 78*y + 78. Let d be j(-38). Give b(d).
3
Let m(g) = g + 9. Let z be (4 + -2)/(10/(-35)). Let a be m(z). Let f(w) = -3*w**2 + a*w + 3*w + 2*w - 2 + 2*w**2. Calculate f(7).
-2
Suppose 3*m = 4*m. Let x(c) = 59*c - c**2 + c**3 - 58 + 62 - 58*c. Determine x(m).
4
Let u(a) = -a - 4. Suppose -5*b = 5*h - 4*b - 18, -5*h = -5*b. Suppose h*c - 21 + 18 = 0. Let p be (-8 + 8)/((-2)/c). Determine u(p).
-4
Let r = 111 + -89. Let b = -29 + r. Let f(p) = 3*p - 5. Give f(b).
-26
Let r be (11 + -9 - 1/1) + -13 - -6. Let a(m) = -m**3 - 6*m**2 - m - 8. Determine a(r).
-2
Let u(s) = s**3 + 8*s**2 - 32*s + 2. Suppose -3*m - 33 = -5*y + 8*y, -2*m = 0. Calculate u(y).
-9
Let c(l) = -l**3 + 57*l**2 + 522*l - 113. Let z be c(65). Let j(a) = -a**3 + 11*a**2 + 103*a - 23. Calculate j(z).
-6
Let x(a) = 55*a - 27 - 8*a - 45*a. What is x(0)?
-27
Suppose -11 = -3*l + 2*l. Suppose -64 = l*t - 19*t. Suppose -7*f - 3 = -t*f. Let r(j) = -2*j + 1. Determine r(f).
-5
Let c(u) = -3 + 3 + 18*u + 2 - 19*u. Let b be c(-3). Let d(k) = 35 - k**3 - 15 + b*k**2 - 2*k - 14. Determine d(5).
-4
Suppose -2*c = -h - 16, 0 = 14*h - 15*h + 3*c - 20. Let z(y) = -y + 10. Calculate z(h).
18
Let n(s) be the third derivative of -s**6/120 - 7*s**5/60 - s**4/12 + 5*s**3/2 - 2*s**2 + 3207. Determine n(-7).
29
Let t = -1081 - -1084. Suppose 7 = -4*h + 23. Let p(c) = -3 + c + h*c**2 + 0*c - 5*c**2. Determine p(t).
-9
Let p be (-70 + 70)/(3/6*10). Let s(w) be the second derivative of 20*w + p - w**2 - 1/6*w**3. Calculate s(-3).
1
Let o(p) be the third derivative of -p**9/60480 + p**8/10080